Let b(h) = 6*h - 21. Let m be b(4). Let s = 564 + 1397. Suppose 0*v - m*d + s = 2*v, -5*d = v - 970. Is v prime?
False
Suppose 2*k - 21 = d, 5*k + 8*d - 47 = 5*d. Let r(m) be the first derivative of 388*m**2 + 29*m + 1. Is r(k) a prime number?
True
Let q(c) = c**3 + 5*c**2 - c - 3. Let x be q(-5). Suppose 5*l + 1103 - 3398 = -x*h, -2*h = 0. Suppose -3*a = 2*g - 1601, 3*g - 3*a - l = 1905. Is g composite?
True
Let n(v) be the second derivative of -15*v + 0 + 55/12*v**4 - 13/3*v**3 + v**2. Is n(-5) a composite number?
True
Let l(p) = 159*p + 11. Let i be 6 + 20/15*6/(-4). Suppose i*h = 2*a + 34, 2*a - 26 = -5*h + 12. Is l(h) a composite number?
False
Let l = 153169 - 48002. Is l prime?
True
Let v(g) = -6289*g**3 + 2*g**2 - 3*g + 2. Let b be v(1). Is (-3 + 5)/(b/3148 - -2) a composite number?
False
Let k(y) be the second derivative of 1009*y**4/12 - y**3/6 + y**2/2 - 23*y. Is k(-2) prime?
False
Let q be -3 - (-60819 + -4 + 2). Suppose -10*m + q + 34452 = 0. Is m composite?
True
Let c(r) = r**2 + 6*r + 13. Let v be c(-7). Let q = 737 - v. Is q prime?
False
Let h(x) be the first derivative of -x**4/12 + 8*x**3/3 - 11*x**2/2 - 11*x - 12. Let f(k) be the first derivative of h(k). Is f(8) a prime number?
True
Let r(u) be the second derivative of u**3/6 - 2*u**2 - 11*u. Let o be r(8). Suppose 2*f + o + 0 = 0, -1170 = -4*w - f. Is w a composite number?
False
Let l(h) be the first derivative of 11/3*h**3 - 5*h - 16 - 5/2*h**2. Is l(-5) a composite number?
True
Suppose 5*u = -r - 2*r - 39404, -2*r + 2*u = 26296. Let x = 19528 + r. Is x prime?
False
Suppose 54*h - 1019208 = 30*h. Is h a prime number?
True
Let s = -164 - 4387. Let r = s - -9130. Is r composite?
True
Let h(q) = 42495*q**3 - 6*q**2 - 11*q + 16. Is h(1) composite?
True
Suppose -3*t = -4*d - 14, -t - d = -0*t + 7. Let x = -94 - -107. Let o = x + t. Is o composite?
False
Let c(k) = 263*k**2 - k - 4*k - 262*k**2 + 13 + 2*k. Let q be 2/2 - (-13 - -6). Is c(q) composite?
False
Let h(g) = -2*g - 52. Let k be h(-27). Suppose -2*p = -5*u + 5039, 5030 = 5*u - 7*p + k*p. Is u composite?
False
Let t(r) = 59*r**2 + 28*r - 329. Is t(-42) prime?
False
Suppose 3*a - 2305330 = 5*g, 5*g + 1135114 = 2*a - 401771. Is a prime?
False
Let f = 74 - 69. Suppose -5*g = 2*i - 3284, 2446 = -3*i + f*g + 7372. Is i a composite number?
True
Suppose -2*k = -w - 1337, 4*k = -65*w + 64*w - 1361. Is w/(-3) - (-48)/72 prime?
True
Let h(f) = 17*f - 9. Let o be h(2). Suppose o*i + 4375 = 30*i. Is i*1 + -6 + 8 a prime number?
True
Is (3/8)/(1 - 518895/518904) prime?
False
Suppose -5*r = 3*i + i + 950, 3*r + 553 = i. Let d be r*(-2)/28 - (-2)/(-7). Suppose a - d*a + 372 = 0. Is a prime?
True
Let u(y) = 6 - 4*y**2 + 0 + 0*y**2 + y**2. Let h be u(2). Let x(s) = -2*s**3 + 8*s**2 + 13. Is x(h) composite?
False
Let w be (142/(-4))/(5/(-30)). Suppose 3*m - w = 1830. Is m a prime number?
False
Let d = 30205 - 9750. Is d composite?
True
Let v = 404 - 711. Suppose 0 = 2*o - o + 456. Let y = v - o. Is y composite?
False
Let z(n) = 110*n**2 + 6*n - 215. Is z(9) prime?
False
Let i(o) = -3*o**3 - 112*o**2 + 132*o - 164. Is i(-63) a prime number?
True
Suppose -m + 550 = -5*v - 2527, -5*v - 15 = 0. Let i = m + 101. Is i composite?
False
Let b(a) = -9*a**3 + 4*a**2 + 6*a + 1. Let o(v) = v**3 + 7*v**2 - 8*v - 3. Let k be o(-8). Let w(q) = -q**2 + 3. Let z be w(k). Is b(z) composite?
False
Suppose 0 = -q + h + 537993, 4*h - 507 + 515 = 0. Is q a prime number?
True
Let r(b) = 408*b - 83. Let d(j) = 204*j - 43. Let n(g) = -5*d(g) + 2*r(g). Is n(-2) composite?
False
Suppose 39*l - 2872048 = 2703655 - 1133954. Is l a composite number?
False
Let k(p) = 19051*p**2 - 50*p + 301. Is k(6) composite?
True
Suppose -7*q = -3*q - 16. Suppose 30 = -q*v - 234. Let x = 223 + v. Is x a composite number?
False
Suppose -150*l - 15366 = -152*l. Suppose l = 10*b - 10327. Is b composite?
False
Let r be (-16)/(-120) - (484/(-15))/(-2). Let m be (r/(-40))/((-1)/705). Let s = m - -917. Is s a composite number?
True
Let n = 27 - 21. Suppose -2*q - n = q. Is q/(-4) + 6345/10 prime?
False
Suppose -u = 3*a - 2471881, 4119799 = 5*a + 504*u - 501*u. Is a a prime number?
True
Suppose -l + 5*j = 2*j - 25, 2*j + 20 = l. Suppose 0 = -l*g + 2*g + 2344. Is g composite?
False
Suppose 5*r + 8 - 18 = 0, 2*x + 5*r - 18 = 0. Let b(i) = 92*i + 36. Let y(m) = -90*m - 37. Let u(p) = x*b(p) + 3*y(p). Is u(18) composite?
True
Let u = -29 + 46. Suppose 4*l + u = 25. Is (8/16)/(l/1756) composite?
False
Suppose 4*s - 992 = -148. Let x = 140 - s. Let a = 324 - x. Is a composite?
True
Let r(v) = 1422*v**3 + 12*v**2 - 42*v + 59. Is r(6) a composite number?
True
Suppose 0 = -3*b + h + 1366, -2*h - 223 = 5*b - 2485. Suppose -b*a = -457*a + 15411. Is a prime?
False
Let j be (8/14)/(18/(-63)). Is 25546/22 + j + 2/(-11) a composite number?
True
Let i = -60 + 65. Is (277 + 0/(-2))*i a composite number?
True
Let k = -1603711 + 2270472. Is k a prime number?
False
Suppose 45*f - 402498 = -4*u + 47*f, 0 = -f + 5. Is u a prime number?
False
Let t(v) = 1311*v**3 + 7*v**2 - 14*v + 209. Is t(8) prime?
True
Is 205092/211 + (-9)/(-1) + 1 prime?
False
Suppose 6*j - 4*j = 50. Suppose -5*s = -0 - j, s - 45355 = -5*h. Is 3/2*h/15 a prime number?
True
Let p(l) = 301*l**2 - 24*l + 125. Is p(-18) prime?
True
Let s = 1979929 + -1094390. Is s composite?
True
Let f(z) = -3109*z - 2022. Is f(-65) prime?
True
Suppose t + 4*f - 110395 = 2*f, 3*t - 331185 = -3*f. Is t composite?
True
Is 12/32 + -110*(-62629)/112 a prime number?
True
Suppose 24*j = 5*j + 1634. Suppose -72*o = -j*o + 47446. Is o a composite number?
False
Let q = -170414 - -584473. Is q a prime number?
False
Let h = 2064 - 686. Suppose 0 = -3*s - 3, -2*s - 1787 - h = -i. Is i a prime number?
True
Let n = 10898 - 10329. Let p(f) = 2*f**3 - 4*f**2 + 4*f - 2. Let y be p(2). Suppose -230 = 4*k - y*k - 4*q, -5*k = 4*q - n. Is k prime?
True
Suppose -12*b + 20 = -7*b - 5*x, 0 = -2*x. Suppose -826 - 944 = -2*p + b*j, -4*p + 2*j = -3516. Is p a composite number?
False
Let c(z) = -32*z**2 - 17*z + 7. Let m(j) = -31*j**2 - 17*j + 5. Let u(t) = -5*c(t) + 4*m(t). Is u(4) prime?
False
Suppose 0 = 4*x + 2*g - 304894, 5*x = 23*g - 26*g + 381120. Let h = x + -41990. Is h a composite number?
False
Let l(t) be the third derivative of 163*t**5/15 - t**4/6 - t**3/2 - 448*t**2. Let m(j) = j**2 - 5*j - 1. Let g be m(5). Is l(g) a prime number?
True
Suppose h = 5*d + 2103899 - 8680666, -3*d = -5*h - 3946025. Is d a composite number?
True
Is 17/((-153)/(-54)) + 18781 a prime number?
True
Let u = -11 + 48. Let z(j) = -38*j**3 + u*j**3 - 14*j**2 + 7*j + 13 + 12*j. Is z(-17) a composite number?
False
Let d = 79 - 75. Suppose 0 = 5*i - d*i - 391. Suppose -x - i = -1092. Is x composite?
False
Suppose -93*f = -75*f + 1343132 - 6853814. Is f a composite number?
False
Suppose 275*z - 359569 = 268*z. Let k = z - 36396. Is k a composite number?
True
Let t(o) be the first derivative of 7*o + o**2 + 8 + 1/4*o**4 - o**3. Is t(6) a composite number?
False
Suppose 2*r = -4*i + 892872, -2*i + 178937 = -r - 267515. Is i a prime number?
False
Suppose 3*d = 5*z + 11, 0 = -5*d - 0*d + 5*z + 15. Suppose 3*v + 0*y + 3*y - 49452 = 0, -d*y - 82455 = -5*v. Is v a prime number?
False
Suppose 27*x - 8*x = 0. Suppose h - 1931 - 2058 = x. Is h composite?
False
Let d(m) = -481*m + 6. Let i be d(7). Let z = -1520 - i. Let c = z + -1290. Is c prime?
False
Is 10909028/156 - (40/15 + -2) prime?
True
Let x(n) = 32684*n**2 + 7*n - 27. Let z be x(3). Is z/14 - (-16)/56 a composite number?
False
Suppose -2578 = m - 30927. Is m a composite number?
False
Let n(m) be the first derivative of -54*m**2 + 10*m - 15. Let s be n(-3). Suppose s = c - 297. Is c a prime number?
True
Suppose 7 = 2*k + 1. Suppose -2 = 3*a - a - k*o, -2 = 4*a - 5*o. Suppose a*j + 0*y + 2*y - 32 = 0, 2*y = 5*j - 115. Is j composite?
True
Suppose -11*c - 5*i = -9*c - 14446, c + 5*i = 7228. Let t = 10511 - c. Is t a prime number?
False
Let m be (-4285242)/(-182) - (-4)/(-14). Let u = m - 14945. Suppose -2*b = -u - 134. Is b composite?
True
Let l = 41978 - 25922. Let b = l + 35075. Is b a prime number?
True
Let p be (1 - 3) + (5 - 13). Let b be p/2*(-3)/5. Suppose 5*f - 2*g - 1771 = -0*g, -b*g - 1421 = -4*f. Is f composite?
False
Suppose -15*v + 45 = -6*v. Su